- -4?
-13324532013
In base 9, what is 5 - -181806?
181812
In base 2, what is 1 + -111000000000101000101?
-111000000000101000100
In base 7, what is 11645 - 24552?
-12604
In base 5, what is 122 + -411312?
-411140
In base 14, what is 1355b2177 + 4?
1355b217b
In base 16, what is -3fca54d - -10?
-3fca53d
In base 13, what is 1973b2 + -c0?
1972c2
In base 13, what is -4 + -4780c2?
-4780c6
In base 16, what is b + -79e8e?
-79e83
In base 8, what is -334340010 - -1?
-334340007
In base 4, what is -11 + -21330211102301?
-21330211102312
In base 6, what is -100 + -1250412?
-1250512
In base 3, what is 20120001100 - 1110?
20112222220
In base 9, what is 0 - 65515782?
-65515782
In base 14, what is 826 - 7d?
787
In base 7, what is -2 - 55442635?
-55442640
In base 15, what is -17 + -62651?
-62668
In base 2, what is -1100010000 - -1000100010110011?
1000010110100011
In base 6, what is 3153 - 32111?
-24514
In base 3, what is 21021122222 - -22100?
21021222022
In base 7, what is 3544 + -33461?
-26614
In base 7, what is 2653 - -164123?
200106
In base 4, what is 132120003331 - 211?
132120003120
In base 16, what is -e0d9 + -4?
-e0dd
In base 5, what is 3 - 11110133221?
-11110133213
In base 6, what is 1334325 - 141?
1334144
In base 8, what is -600 + 336454?
335654
In base 9, what is 4162366 - 5?
4162361
In base 12, what is -4019 + -49373?
-51390
In base 13, what is -8 + 8548a?
85482
In base 14, what is -2057 - 19cc?
-3a45
In base 11, what is -962 - a72?
-1924
In base 9, what is -6248 + -11586?
-17845
In base 11, what is -3 + 2148407?
2148404
In base 10, what is -34959 - 2072?
-37031
In base 9, what is -3 - 5777434?
-5777437
In base 6, what is -410 - -215015?
214205
In base 8, what is 373046 + 56?
373124
In base 5, what is 3301221341 + 2?
3301221343
In base 9, what is -32 - 15101488?
-15101531
In base 10, what is -8 - -2183650?
2183642
In base 6, what is 10052 - -1113334?
1123430
In base 16, what is 4e3 - -202fb?
207de
In base 2, what is -100000 + -1110010011001011101?
-1110010011001111101
In base 4, what is 2 - -200301000331?
200301000333
In base 4, what is -1 + 330332113213?
330332113212
In base 12, what is -14b5a5 + 5b?
-14b546
In base 5, what is 11123403 + 112?
11124020
In base 14, what is 1ab0 + -397c5?
-37b15
In base 6, what is 143 - 2432343?
-2432200
In base 6, what is -10 + -3045021454?
-3045021504
In base 11, what is 39475066 + 3?
39475069
In base 8, what is 143033 - -72?
143125
In base 3, what is -2100011112201011 - -21?
-2100011112200220
In base 9, what is 1226355872 + 2?
1226355874
In base 6, what is -3523303 + -34?
-3523341
In base 6, what is 433030001 - 1?
433030000
In base 14, what is -3 - 258a6?
-258a9
In base 10, what is -566190391 - -4?
-566190387
In base 13, what is 13604 - -19a?
137a1
In base 4, what is -11 - -20102022103202?
20102022103131
In base 11, what is -4 + 27a6724?
27a6720
In base 9, what is -104034 + -157?
-104202
In base 2, what is 101 + -110001101000010111100000111?
-110001101000010111100000010
In base 8, what is -25037 - -2417?
-22420
In base 12, what is 1a54977a + -3?
1a549777
In base 14, what is 240 + 55542?
55782
In base 3, what is -2212012110202222 - 11?
-2212012110210010
In base 12, what is 6 + -199513b?
-1995135
In base 5, what is -33 + -1124110434?
-1124111022
In base 9, what is 74 - -15360460?
15360544
In base 3, what is -12 + -21012222102221?
-21012222110010
In base 4, what is -102 - -2001223?
2001121
In base 7, what is 1 + 126411560?
126411561
In base 8, what is -2142 - -5467?
3325
In base 7, what is 35312231 - -2?
35312233
In base 15, what is -674 - 20b6?
-273a
In base 15, what is -beab8 - -1e?
-bea99
In base 6, what is -25231551434 + -4?
-25231551442
In base 12, what is -3 + -86a3a1?
-86a3a4
In base 2, what is -10100 - -10100000010011111?
10100000010001011
In base 15, what is 6079 + 49d?
6527
In base 15, what is 5 - 7815ee?
-7815e9
In base 16, what is 3 - -34ccfae?
34ccfb1
In base 2, what is -100 - -11110000001111111011010?
11110000001111111010110
In base 14, what is -33b8c24 - -5?
-33b8c1d
In base 10, what is 3 + -6891620?
-6891617
In base 11, what is -41616236 + 5?
-41616231
In base 11, what is -24 - 1657190?
-1657204
In base 15, what is 904019b - 1?
904019a
In base 14, what is 1 - -517859?
51785a
In base 8, what is 24706311 - 5?
24706304
In base 16, what is -825d13 - -5?
-825d0e
In base 16, what is 4 - 10b97?
-10b93
In base 15, what is -2459c9aa + 3?
-2459c9a7
In base 4, what is 1020 - -11013303311?
11013310331
In base 15, what is -2bbc83 - 5?
-2bbc88
In base 9, what is -8617233 - -1?
-8617232
In base 5, what is -10332341 - 44220?
-10432111
In base 14, what is 1 + -4470bad?
-4470bac
In base 2, what is 11111111110000111 - -1111111?
100000000000000110
In base 16, what is 344192a - 2?
3441928
In base 15, what is e17 + 617?
152e
In base 5, what is -1 + -133004423224?
-133004423230
In base 8, what is -12 - 10240010?
-10240022
In base 3, what is -211102 + -22220012?
-100201121
In base 4, what is 200223 - -20330031?
21130320
In base 10, what is 2 + 336618?
336620
In base 13, what is 14 - 11758?
-11744
In base 2, what is 1010100001001 - 10111000?
1010001010001
In base 15, what is 14 - -665a9?
665bd
In base 15, what is -1d - -404c?
402e
In base 13, what is 1927 - -46992?
485b9
In base 14, what is 9c3 + 1c2b0?
1cc93
In base 13, what is 0 + 26ca8c?
26ca8c
In base 12, what is -37 + 1459814?
1459799
In base 16, what is -5 + 4cc105?
4cc100
In base 8, what is 5 - 126074655?
-126074650
In base 5, what is -3342 - 430442?
-434334
In base 10, what is -12 - -1226920?
1226908
In base 14, what is 7ac - -509?
cb7
In base 9, what is -77066130 + 0?
-77066130
In base 3, what is -1111 - -11201211010?
11201202122
In base 16, what is 2278 + -a2c0?
-8048
In base 2, what is 1101100101110010100111 - -1?
1101100101110010101000
In base 10, what is -32115183 + 4?
-32115179
In base 8, what is 5 + 111112?
111117
In base 6, what is 1032003411 - 3?
1032003404
In base 8, what is 6651 - -334546?
343417
In base 9, what is 481 - -11385?
11876
In base 5, what is 4020 + -210322440?
-210313420
In base 11, what is -6646 - -959?
-5798
In base 12, what is -512bb7 + -29?
-513024
In base 14, what is -49 + -14dcc?
-15037
In base 11, what is -1191709 - a?
-1191718
In base 15, what is 5 + 9eae2?
9eae7
In base 16, what is -33a16 + -24?
-33a3a
In base 4, what is 100 - -1220130122013?
1220130122113
In base 13, what is 14 + -432a5?
-43291
In base 6, what is -10311 - 1021210?
-1031521
In base 8, what is 35733 + -35626?
105
In base 2, what is 11010011010100111011011110110 + -100?
11010011010100111011011110010
In base 11, what is 2748 - 17723?
-14a86
In base 5, what is 1101 + 12241003?
12242104
In base 13, what is -213 + -b2?
-2c5
In base 14, what is 5c5920 + 14?
5c5934
In base 8, what is -50461 - -176?
-50263
In base 11, what is -219aa6 - -1?
-219aa5
In base 5, what is 1203322114000 - -3?
1203322114003
In base 8, what is 665407 + -25?
665362
In base 8, what is 301612 + 2024?
303636
In base 11, what is -5 - -9a640341?
9a640337
In base 11, what is 191911 - 14?
1918a8
In base 3, what is 1 - -11212101112221?
11212101112222
In base 7, what is -1304 - 2615566?
-2620203
In base 7, what is -235264356 - 0?
-235264356
In base 3, what is 1001 - 2002222?
-2001221
In base 4, what is 3 - -31023312?
31023321
In base 16, what is 1f - -59f9?
5a18
In base 9, what is 20646 - -1478?
22235
In base 7, what is 50 - 4015041?
-4014661
In base 4, what is 302 + 23121303210?
23121310112
In base 6, what is 4 + -3344103445?
-3344103441
In base 13, what is -106279a + -a?
-10627a7
In base 16, what is 1b629b - -19?
1b62b4
In base 15, what is 6a1 - -48e6?
5097
In base 16, what is 368ad6 - 7?
368acf
In base 10, what is -8429430 + 4?
-8429426
In base 16, what is 3578e1d + 3?
3578e20
In base 6, what is -1503454202 - 1?
-1503454203
In base 5, what is -2202314322 - -3?
-2202314314
In base 14, what is -807 + -2a07?
-3410
In base 12, what is -7b511 + 20?
-7b4b1
In base 2, what is -1001100 + -10010111110110?
-10011001000010
In base 16, what is eb0deb - 12?
eb0dd9
In base 12, what is -290 - 32502?
-32792
In base 13, what is -33 + 1156a?
11537
In base 14, what is -b94 - -b8b80?
b7dca
In base 7, what is -4233 - -1011?
-3222
In base 13, what is -22a0 - 4075?
-6345
In base 8, what is -3 - -16453071?
16453066
In base 16, what is 